 factor of 14 and 56162?
2
What is the highest common factor of 46052 and 2204?
116
Calculate the greatest common factor of 46 and 9470.
2
What is the greatest common divisor of 37449 and 19779?
57
Calculate the greatest common divisor of 1250 and 8100.
50
What is the highest common divisor of 15680 and 50848?
224
Calculate the greatest common divisor of 113275 and 23.
23
What is the greatest common divisor of 2478 and 2242?
118
Calculate the greatest common divisor of 485 and 21631.
97
Calculate the highest common factor of 91180 and 564.
188
Calculate the greatest common divisor of 230124 and 15402.
906
Calculate the greatest common divisor of 92295 and 3516.
879
Calculate the greatest common divisor of 1608 and 30284.
268
Calculate the highest common divisor of 155433 and 1052.
263
Calculate the greatest common factor of 297 and 26352.
27
Calculate the highest common factor of 3896298 and 34.
34
What is the greatest common divisor of 6786 and 7254?
234
Calculate the highest common factor of 75854 and 253.
23
What is the greatest common factor of 5114349 and 621?
207
What is the greatest common divisor of 30240 and 300?
60
What is the greatest common factor of 924336 and 168?
168
What is the highest common factor of 2356410 and 343?
343
What is the greatest common divisor of 115 and 21344?
23
Calculate the greatest common factor of 444 and 1432.
4
Calculate the highest common divisor of 28670 and 40.
10
What is the greatest common divisor of 51091 and 247?
19
Calculate the greatest common factor of 30193 and 1526.
109
Calculate the highest common factor of 15678 and 286.
26
Calculate the greatest common divisor of 2168 and 3374221.
271
What is the greatest common factor of 25256 and 231?
77
Calculate the highest common factor of 825 and 55000.
275
What is the greatest common factor of 198993 and 1174?
587
Calculate the highest common divisor of 8264203 and 311.
311
What is the highest common factor of 20471 and 176?
11
What is the highest common divisor of 329 and 10528?
329
What is the greatest common divisor of 1380 and 8220?
60
What is the highest common factor of 84 and 59416?
28
What is the greatest common divisor of 6346 and 5548?
38
Calculate the highest common factor of 410 and 14924.
82
What is the greatest common divisor of 253 and 336743?
253
What is the greatest common divisor of 3273 and 6?
3
What is the highest common factor of 979 and 2421067?
979
What is the highest common factor of 10612 and 217?
7
Calculate the highest common divisor of 60 and 3369552.
12
What is the highest common divisor of 9824 and 1152?
32
What is the highest common factor of 1528 and 548170?
382
Calculate the highest common factor of 324 and 239625.
27
What is the highest common divisor of 131320 and 11524?
268
Calculate the highest common factor of 25384 and 32.
8
Calculate the greatest common factor of 344 and 600.
8
Calculate the greatest common divisor of 23 and 18745.
23
Calculate the greatest common factor of 1250 and 3450.
50
Calculate the highest common factor of 898 and 54.
2
Calculate the greatest common factor of 76 and 4728967.
19
Calculate the highest common divisor of 112 and 1613.
1
What is the highest common factor of 1168 and 124?
4
What is the highest common factor of 6909 and 4753?
49
What is the greatest common divisor of 29870 and 64960?
290
Calculate the greatest common factor of 484 and 4224.
44
What is the greatest common factor of 187 and 73525?
17
Calculate the greatest common factor of 6674 and 1917.
71
Calculate the highest common factor of 736 and 115828.
92
What is the highest common factor of 13455 and 1391?
13
Calculate the greatest common divisor of 391 and 122417.
17
What is the greatest common divisor of 387751 and 91?
91
Calculate the greatest common divisor of 1192108 and 136.
68
What is the highest common divisor of 253408 and 352?
32
Calculate the highest common factor of 68788 and 348.
116
Calculate the greatest common divisor of 11075 and 355.
5
Calculate the highest common divisor of 89991 and 405.
81
What is the greatest common factor of 135 and 550170?
45
What is the highest common divisor of 151870 and 80?
10
What is the highest common factor of 165240 and 4374?
486
Calculate the greatest common divisor of 285585 and 17775.
1185
Calculate the greatest common divisor of 176 and 47248.
16
What is the highest common factor of 24 and 3207544?
8
What is the greatest common divisor of 60 and 6168945?
15
Calculate the greatest common factor of 3796 and 9074.
26
What is the greatest common divisor of 28773 and 1127?
23
What is the highest common divisor of 70928 and 200?
8
What is the greatest common factor of 676 and 191646?
338
Calculate the greatest common divisor of 492 and 156.
12
What is the highest common factor of 200 and 53850?
50
What is the highest common factor of 12 and 2742702?
6
What is the greatest common factor of 97097 and 26?
13
What is the highest common divisor of 12971 and 476?
119
Calculate the greatest common factor of 5808673 and 13.
13
Calculate the greatest common factor of 160 and 21152.
32
What is the highest common divisor of 360295 and 723?
241
Calculate the highest common divisor of 2636 and 148.
4
Calculate the greatest common factor of 1300 and 31700.
100
Calculate the highest common divisor of 576336 and 240.
48
Calculate the greatest common divisor of 58156 and 372.
124
What is the highest common divisor of 39880 and 280?
40
What is the greatest common factor of 9396 and 30972?
348
What is the highest common divisor of 33 and 385869?
33
What is the highest common divisor of 1 and 439?
1
What is the greatest common factor of 8767 and 43038?
797
What is the greatest common divisor of 613712 and 605?
121
What is the highest common factor of 5668 and 182?
26
What is the greatest common divisor of 7282 and 99?
11
Calculate the greatest common factor of 1402929 and 666.
333
What is the highest common factor of 8880 and 134820?
60
Calculate the greatest common factor of 66057 and 454.
227
Calculate the greatest common factor of 369855 and 315.
45
What is the highest common factor of 986 and 2006?
34
What is the greatest common divisor of 174 and 1206?
6
Calculate the greatest common divisor of 89718 and 456.
114
What is the highest common divisor of 1348178 and 26?
26
What is the greatest common factor of 1005 and 3585?
15
Calculate the highest common factor of 1 and 412.
1
Calculate the highest common divisor of 4510 and 3300.
110
What is the highest common factor of 59 and 1272217?
59
Calculate the greatest common divisor of 69557 and 5.
1
Calculate the greatest common factor of 151532 and 688.
172
What is the highest common factor of 41535 and 105?
15
What is the highest common factor of 632222 and 15638?
2234
What is the highest common divisor of 12340119 and 66?
33
What is the greatest common divisor of 128 and 2480?
16
Calculate the greatest common divisor of 49050 and 1050.
150
What is the greatest common divisor of 65605 and 85?
5
Calculate the greatest common divisor of 294 and 1857.
3
Calculate the highest common factor of 62444 and 28.
4
What is the highest common factor of 262319 and 25484?
277
Calculate the greatest common divisor of 109 and 94939.
109
What is the greatest common factor of 4153 and 376?
1
Calculate the highest common factor of 65 and 266500.
65
What is the highest common divisor of 19288 and 224?
8
Calculate the highest common divisor of 612 and 641172.
204
Calculate the highest common factor of 48 and 52764.
12
What is the highest common divisor of 22935 and 165?
165
Calculate the highest common factor of 202 and 1717.
101
Calculate the highest common factor of 131856 and 12136.
328
What is the greatest common factor of 3240 and 115587?
81
Calculate the highest common divisor of 1051362 and 156.
78
Calculate the highest common factor of 24 and 210609.
3
Calculate the greatest common factor of 48 and 8034272.
16
What is the highest common factor of 456 and 794496?
24
What is the greatest common factor of 162328 and 69628?
412
Calculate the greatest common factor of 323 and 3039107.
323
Calculate the greatest common divisor of 1989 and 858.
39
What is the highest common factor of 321885 and 14928?
933
Calculate the greatest common divisor of 416832 and 9